ors of 240252?
2, 3, 20021
What are the prime factors of 159671?
159671
List the prime factors of 676224.
2, 3, 587
List the prime factors of 4556593.
599, 7607
What are the prime factors of 8124723?
3, 19, 47513
What are the prime factors of 10821079?
43, 251653
What are the prime factors of 20343?
3, 6781
What are the prime factors of 100225?
5, 19, 211
List the prime factors of 2315969.
29, 79861
List the prime factors of 847822.
2, 73, 5807
List the prime factors of 11169606.
2, 3, 7, 19, 13997
What are the prime factors of 10709368?
2, 1338671
List the prime factors of 1493761.
19, 29, 2711
List the prime factors of 6142380.
2, 3, 5, 23, 4451
What are the prime factors of 3657207?
3, 23, 53003
What are the prime factors of 2769749?
367, 7547
What are the prime factors of 13340898?
2, 3, 163, 4547
List the prime factors of 182510.
2, 5, 18251
What are the prime factors of 384316?
2, 96079
What are the prime factors of 1425392?
2, 89087
List the prime factors of 10676792.
2, 7, 190657
What are the prime factors of 5818128?
2, 3, 53, 2287
What are the prime factors of 987939?
3, 31, 3541
List the prime factors of 1614114.
2, 3, 71, 421
List the prime factors of 601848.
2, 3, 13, 643
List the prime factors of 1017398.
2, 307, 1657
List the prime factors of 8501915.
5, 1700383
List the prime factors of 653969.
653969
List the prime factors of 351627.
3, 117209
List the prime factors of 3892544.
2, 60821
What are the prime factors of 7781870?
2, 5, 778187
List the prime factors of 2413177.
13, 29, 37, 173
List the prime factors of 528180.
2, 3, 5, 8803
What are the prime factors of 988788?
2, 3, 17, 37, 131
List the prime factors of 908864.
2, 11, 1291
What are the prime factors of 7497725?
5, 299909
What are the prime factors of 5774163?
3, 1924721
List the prime factors of 79568.
2, 4973
List the prime factors of 1804710.
2, 3, 5, 43, 1399
List the prime factors of 119911.
11, 991
List the prime factors of 1208626.
2, 604313
What are the prime factors of 97278?
2, 3, 31, 523
What are the prime factors of 110955?
3, 5, 13, 569
What are the prime factors of 2129749?
2129749
What are the prime factors of 4064863?
11, 41, 9013
What are the prime factors of 2746604?
2, 7, 233, 421
What are the prime factors of 19739065?
5, 71, 55603
What are the prime factors of 6447730?
2, 5, 797, 809
What are the prime factors of 3644484?
2, 3, 31, 97, 101
List the prime factors of 392450.
2, 5, 47, 167
What are the prime factors of 7738160?
2, 5, 197, 491
What are the prime factors of 3779572?
2, 944893
What are the prime factors of 9068955?
3, 5, 7, 86371
What are the prime factors of 18257247?
3, 1187, 1709
What are the prime factors of 1060258?
2, 530129
List the prime factors of 34181147.
7, 11, 13, 34147
What are the prime factors of 3895246?
2, 41, 67, 709
List the prime factors of 674010.
2, 3, 5, 7489
List the prime factors of 1044583.
1044583
What are the prime factors of 148418?
2, 74209
What are the prime factors of 9211932?
2, 3, 255887
What are the prime factors of 451064?
2, 56383
What are the prime factors of 3714529?
7, 13, 40819
What are the prime factors of 4940144?
2, 11, 28069
What are the prime factors of 4522?
2, 7, 17, 19
What are the prime factors of 285978?
2, 3, 7, 11, 619
List the prime factors of 188641.
41, 43, 107
List the prime factors of 1492499.
1492499
List the prime factors of 617562.
2, 3, 11, 3119
What are the prime factors of 8622788?
2, 179, 12043
List the prime factors of 243352.
2, 19, 1601
What are the prime factors of 20517527?
20517527
List the prime factors of 2529813.
3, 11, 13, 5897
What are the prime factors of 4230606?
2, 3, 71, 9931
List the prime factors of 9875784.
2, 3, 411491
List the prime factors of 2110423.
7, 301489
List the prime factors of 5479549.
5479549
What are the prime factors of 246475?
5, 9859
List the prime factors of 74425.
5, 13, 229
List the prime factors of 748588.
2, 31, 6037
What are the prime factors of 1451812?
2, 362953
List the prime factors of 1462510.
2, 5, 7, 17, 1229
List the prime factors of 10898952.
2, 3, 43, 59, 179
What are the prime factors of 185051?
185051
What are the prime factors of 206745?
3, 5, 7, 11, 179
What are the prime factors of 8341483?
167, 199, 251
What are the prime factors of 17926419?
3, 7, 193, 4423
List the prime factors of 3913150.
2, 5, 61, 1283
What are the prime factors of 43335?
3, 5, 107
What are the prime factors of 14760268?
2, 3690067
What are the prime factors of 748905?
3, 5, 49927
What are the prime factors of 1187492?
2, 29, 353
List the prime factors of 684955.
5, 136991
What are the prime factors of 1472510?
2, 5, 13, 47, 241
List the prime factors of 18242285.
5, 79, 46183
List the prime factors of 3876384.
2, 3, 149, 271
What are the prime factors of 402102?
2, 3, 89, 251
List the prime factors of 688807.
7, 19, 5179
List the prime factors of 1706568.
2, 3, 211, 337
What are the prime factors of 3116913?
3, 337, 3083
What are the prime factors of 158086?
2, 79043
List the prime factors of 201107.
201107
What are the prime factors of 38842?
2, 19421
List the prime factors of 10138282.
2, 7, 11, 43, 1531
List the prime factors of 217240.
2, 5, 5431
List the prime factors of 10726.
2, 31, 173
List the prime factors of 4405619.
103, 42773
List the prime factors of 40236.
2, 3, 7, 479
What are the prime factors of 1468198?
2, 719, 1021
What are the prime factors of 223752?
2, 3, 9323
What are the prime factors of 608048?
2, 7, 61, 89
List the prime factors of 560627.
211, 2657
What are the prime factors of 546354?
2, 3, 127, 239
List the prime factors of 880490.
2, 5, 13, 521
List the prime factors of 3119049.
3, 346561
List the prime factors of 533198.
2, 266599
What are the prime factors of 5673833?
11, 515803
What are the prime factors of 7715?
5, 1543
What are the prime factors of 692872?
2, 257, 337
List the prime factors of 3837229.
11, 348839
List the prime factors of 3182701.
67, 709
List the prime factors of 160746.
2, 3, 73, 367
List the prime factors of 36885933.
3, 7, 53, 11047
What are the prime factors of 1857841?
97, 107, 179
What are the prime factors of 210390?
2, 3, 5, 7013
What are the prime factors of 2086052?
2, 31, 16823
What are the prime factors of 252386?
2, 53, 2381
What are the prime factors of 225431?
225431
What are the prime factors of 747931?
821, 911
What are the prime factors of 931069?
41, 22709
List the prime factors of 14924256.
2, 3, 155461
List the prime factors of 4485390.
2, 3, 5, 7, 13, 31, 53
List the prime factors of 18338880.
2, 3, 5, 7, 2729
What are the prime factors of 996042?
2, 3, 109, 1523
What are the prime factors of 21124904?
2, 659, 4007
What are the prime factors of 31073657?
31073657
List the prime factors of 8201761.
1973, 4157
List the prime factors of 44306416.
2, 7, 11, 35963
What are the prime factors of 517092?
2, 3, 41, 1051
What are the prime factors of 95647?
101, 947
List the prime factors of 74111.
37, 2003
What are the prime factors of 689629?
689629
List the prime factors of 521851.
11, 47441
List the prime factors of 15263435.
5, 11, 97, 2861
List the prime factors of 55118.
2, 7, 31, 127
What are the prime factors of 3558965?
5, 711793
List the prime factors of 12836862.
2, 3, 713159
List the prime factors of 4061792.
2, 7, 18133
List the prime factors of 3214620.
2, 3, 5, 5953
What are the prime factors of 991337?
181, 5477
List the prime factors of 338393.
11, 30763
List the prime factors of 17808960.
2, 3, 5, 13, 1427
What are the prime factors of 329824?
2, 11, 937
What are the prime factors of 163868?
2, 71, 577
What are the prime factors of 6895617?
3, 179, 12841
What are the prime factors of 5867453?
2017, 2909
What are the prime factors of 2016634?
2, 1008317
List the prime factors of 343886.
2, 139, 1237
List the prime factors of 878989.
878989
What are the prime factors of 716113?
811, 883
List the prime factors of 31671870.
2, 3, 5, 131, 8059
What are the prime factors of 2437980?
2, 3, 5, 179, 227
What are the prime factors of 7022147?
11, 29, 22013
List the prime factors of 3301609.
47, 199, 353
What are the prime factors of 2378135?
5, 19, 25033
What are the prime factors of 6896682?
2, 3, 13, 29473
List the prime factors of 383531.
421, 911
What are th